 2*c + 6*c**3 - 2*c - 4*c**3. Calculate the remainder when 155 is divided by m(6).
11
Let l = 1086 + -1033. What is the remainder when 900 is divided by l?
52
Suppose -5183 + 821 = -2*w. What is the remainder when w is divided by 78?
75
Let y(u) = -u**3 + 8*u**2 + 7*u + 20. Let o(w) = w + 10. What is the remainder when o(-5) is divided by y(9)?
1
Let m be 2018/10 - (-8)/40. Suppose -m = -x - 149. Calculate the remainder when x is divided by 12.
5
Suppose 2*b - 60 = -4*m, -5*m - 2*b + 6*b = -49. Suppose -16*g + 51 = -m*g. Calculate the remainder when g is divided by 9.
8
Let o(y) = -y**2 - 14*y + 1200. Let u(f) = 5*f**3 + 2*f**2 - 2. Calculate the remainder when u(2) is divided by o(-42).
22
Suppose -2*p + 10*p - 232 = 0. What is the remainder when 39 is divided by p?
10
Suppose 3 = r + 2*f, -f = 1 - 2. What is the remainder when ((-40)/(-35))/(r/7) is divided by 4?
0
Let h = -68 + 110. What is the remainder when 261 is divided by h?
9
Suppose -60 = y + 2*y. Let h be 2/4*(2 - y). Let s = 10 + h. Calculate the remainder when s is divided by 12.
9
Suppose 3*t + 0 = -6. What is the remainder when (107 - t)/((-2 - 1) + 4) is divided by 22?
21
Suppose -2*t - 5*a + 121 = 19, -2*a = 5*t - 255. Calculate the remainder when 144 is divided by t.
42
Let r(w) = 9*w**2 - 6*w + 5. What is the remainder when 47 is divided by r(1)?
7
Let w be 4*(-3)/4*-3. Suppose 15 = 2*k - 2*h - w, -2*h + 2 = 0. What is the remainder when k is divided by 5?
3
Let q = 224 - 63. Calculate the remainder when q is divided by 59.
43
Suppose -3*h = 2*h + 4*v - 28, -2*v - 12 = -4*h. Suppose h*o = -5*i + 32 + 82, 0 = 2*o + 3*i - 56. What is the remainder when o is divided by 11?
9
Suppose 5*s - 3*m - 192 = 0, -s - 3*s + 161 = 5*m. Suppose 14*a + 9*a = 161. What is the remainder when s is divided by a?
4
Let m(g) = 12*g + 4. Let d be m(-2). Let v = d + 63. Calculate the remainder when v is divided by 9.
7
Suppose 5*o = -4*q + 154, -5*q - 190 = -5*o - 0*q. Suppose -o - 18 = -4*h. What is the remainder when h is divided by 15/(-12)*2*-2?
3
Let l be 17*12/16*4. What is the remainder when (-10)/(-20) - l/(-2) is divided by -5 + (2 - -7) - -5*1?
8
Let x(j) = -j**2 + 17. Let q be 8*(1/2)/1. Suppose -q*r = -277 + 13. What is the remainder when r is divided by x(0)?
15
Let f(y) = y + 241. Let s be f(0). Suppose 4*p - s = -z, 2*p - 5*z - 152 = -p. Calculate the remainder when p is divided by 15.
14
Suppose -5*u = -46 - 79. Let x = -20 + u. Suppose x*i + 3 = 53. What is the remainder when i is divided by 6?
4
Suppose -18*n = -44698 - 4874. What is the remainder when n is divided by 106?
104
Let y = 22 - 17. Let j(c) = c**3 - 8*c + 6*c**2 + 7*c**2 - 9 + 2*c**2 - y*c**2. What is the remainder when j(-10) is divided by 18?
17
Let j = -256 - -272. Calculate the remainder when 56 is divided by j.
8
Suppose 0*r - 6*r = -12. Suppose -4*n = -3*a + 74, 3*n - r*n = 3*a - 59. What is the remainder when a is divided by 5?
3
Suppose -11*c + 826 = 320. Calculate the remainder when c is divided by 13.
7
Let m = 4 + -4. Let h = 55 + -53. What is the remainder when 6/(2 + -1 + m) is divided by h?
0
Calculate the remainder when -60*-4*(-12)/(-80) is divided by 18.
0
Calculate the remainder when (215 + -4 - 3)*1/1 is divided by 54.
46
Let a = -22 - -50. What is the remainder when 58 is divided by a?
2
Let v be 0 - ((-2)/2 - 1). Suppose -v*h + 5*p = -12, -p - p = h - 15. Let a(d) = 2*d**2 - 17*d + 16. What is the remainder when a(h) is divided by 24?
23
Let u(n) = 31*n - 2. Let j be u(-1). Let w = j - -33. Let l(y) = -y + 3. Calculate the remainder when 11 is divided by l(w).
2
Calculate the remainder when 300 + 4 - (10 - 15) is divided by 39.
36
Let r = -341 - -652. Calculate the remainder when r is divided by 35.
31
Suppose -2*o + 2 = 4*q, -q + 2*o + o + 18 = 0. Suppose -3*h + 5*m + 16 = -0*h, -2*m = q*h - 23. Calculate the remainder when 34 is divided by h.
6
Suppose 0 = -5*n - 2*m + 25, -2 = 3*n - 3*m + 4. Suppose n*o = 9, -2*l - o + 5 + 176 = 0. What is the remainder when l is divided by 13?
11
Calculate the remainder when 86 is divided by (-42)/(-4) + ((-7)/(-14) - 0).
9
Let o(t) = 3*t**3 + 21*t**2 - 10*t - 17. What is the remainder when 59 is divided by o(-7)?
6
Let m(f) = 8*f**2 + 6*f + 10. Calculate the remainder when m(6) is divided by 12.
10
Let j(d) = -22*d - 37. Let l be j(-14). Let c = l - 67. Calculate the remainder when c is divided by 41.
40
Let h(l) = 6*l**2 + 84*l + 164. What is the remainder when 60 is divided by h(-2)?
0
Suppose -3*j + 41 = 4*o, -3*o - 5 = 2*o. Calculate the remainder when 24 is divided by j.
9
Suppose 0*a + 4*a - j - 118 = 0, a + 5*j - 40 = 0. Suppose o + 2*c + 0*c = 20, 5*o - 4*c = a. Calculate the remainder when 14 is divided by o.
4
Let w(d) be the second derivative of d**5/20 + d**4/2 - 5*d**3/3 - 9*d**2/2 + 4*d. Calculate the remainder when 46 is divided by w(-7).
10
Let g = -119 - -165. Suppose g*s - 41*s - 95 = 0. What is the remainder when s is divided by 10?
9
Suppose 0 = 4*q + 2*y - 578, 0*q + q - 158 = -5*y. Suppose 113 = 4*u - q. What is the remainder when u is divided by 22?
20
Let z be (-4)/18 - 1652/18. Suppose -144 = 4*c - 676. Let j = c + z. Calculate the remainder when j is divided by 11.
8
Calculate the remainder when 1368901/1159 + (-2)/19 is divided by 6.
5
Let c be 1/5 + 428/10. Suppose c = o - 30. Let n = o - 30. Calculate the remainder when n is divided by 22.
21
Let l(c) = -2*c + 16. What is the remainder when -1 - -6 - 0 - -4 is divided by l(5)?
3
Let b = -1236 - -1323. Suppose -2*o - 4*i = -4, -o - 3 = -2*i - 21. Calculate the remainder when b is divided by o.
7
Suppose 4*m + 20 = 2*z - 48, 2*m + 102 = 3*z. Calculate the remainder when z is divided by 20.
14
What is the remainder when 68 is divided by (-165)/(-5) + -1 + -2?
8
Let h(x) be the first derivative of -x**4/4 - 3*x**3 + 7*x**2/2 - 8*x + 3. Let a be h(-10). Let t = a - 10. Calculate the remainder when 21 is divided by t.
9
Suppose -4*z = -2*n + 26, -3*n + 37 = -0*z - 4*z. Calculate the remainder when 11 - 4*1*48/(-64) is divided by n.
3
Suppose -42*g + 22 = -3380. What is the remainder when 326 is divided by g?
2
Suppose -10*j = -5*o - 6*j + 134, -4*j + 16 = 0. What is the remainder when 66 is divided by o?
6
Suppose -4*k + 1077 - 825 = 0. Calculate the remainder when 348 is divided by k.
33
Let a(u) = -25*u + 20. Let s be a(-5). Let p = s - 123. Let z(q) = q**3 + 8*q**2 - q + 5. What is the remainder when z(-5) is divided by p?
19
Let j = 8 - -261. Calculate the remainder when j is divided by 10.
9
Let b(d) = d**3 + 14*d**2 + 22*d + 23. What is the remainder when b(-12) is divided by 21?
5
Suppose -127*t - 3350 = -177*t. Let h = -10 + 24. What is the remainder when t is divided by h?
11
Let h = -12 + 27. Let q(w) = -w - 8. Let c be q(-10). Calculate the remainder when 58 + 2/2 - c is divided by h.
12
Let v = 45 + -14. Let k = 357 - 349. What is the remainder when v is divided by k?
7
Suppose 5*k - 5*m = 150, -2*k + 53 = 2*m - 27. Calculate the remainder when 128 is divided by k.
23
Let b(r) = -r**3 - 14*r**2 + 16*r - 5. Let f be b(-15). Let g = 68 + f. Let m = g - 22. Calculate the remainder when 102 is divided by m.
24
Let k(w) = -10*w + 19. Let i be k(-2). Suppose -i*a = -43*a + 116. What is the remainder when a is divided by 15?
14
Suppose 3*x - 33 = n, 0 = 2*x + 5*n - n - 22. Calculate the remainder when x is divided by 0*(-4)/12 + 3.
2
Let m(x) = x**3 - x**2 - 2. Let g be 2*12/(-8)*-1. Calculate the remainder when 29 is divided by m(g).
13
Suppose -156 = -34*v + 33*v + 2*x, -3*v - 3*x + 504 = 0. What is the remainder when v is divided by 31?
9
Let g(k) = -297*k**2 + k + 149*k**2 + 150*k**2 + 52. What is the remainder when g(0) is divided by 14?
10
Suppose 26*n - 1772 = -706. What is the remainder when n is divided by 23?
18
Let i = 22 - -14. Let a = -243 + 263. What is the remainder when i is divided by a?
16
What is the remainder when 6092/6 + (-70)/(-42) is divided by 34?
31
Let c be 4/(-36) + 84/27. Suppose -c*k + 176 = -1. Calculate the remainder when k is divided by 12.
11
Suppose -12*a + 243 = -9*a. Suppose 0 = 7*u - 4*u - a. What is the remainder when u is divided by 7?
6
Suppose -7*g = -1904 - 1771. Calculate the remainder when g is divided by 66.
63
Suppose -2*h - 18 = 4